ber?
True
Is 10103283361 a prime number?
True
Is 1319249483 prime?
True
Is 3431552633 prime?
False
Is 5556237179 a prime number?
True
Is 21137054041 prime?
False
Is 35837724037 a prime number?
True
Is 2064098111 a prime number?
False
Is 208767572657 prime?
False
Is 3503652461 prime?
True
Is 155521697 a prime number?
True
Is 126393591139 composite?
False
Is 2119188787 a composite number?
True
Is 54102230717 composite?
False
Is 60919845017 a composite number?
False
Is 2547976241 a prime number?
False
Is 68897093 a composite number?
False
Is 28261371179 a composite number?
True
Is 20224497217 a composite number?
False
Is 176195757263 a composite number?
True
Is 350591159 prime?
True
Is 474731119 a composite number?
True
Is 20246586103 a composite number?
True
Is 54467538959 a composite number?
False
Is 1004677309 a prime number?
False
Is 7631927309 a prime number?
False
Is 2890472111 a composite number?
True
Is 23925249613 composite?
False
Is 72675451 a prime number?
True
Is 9992071 composite?
True
Is 8619094339 prime?
True
Is 20795410861 a composite number?
False
Is 1221063379 a composite number?
True
Is 215242199 composite?
False
Is 76866271571 prime?
True
Is 94317043 a composite number?
True
Is 1594087329 a prime number?
False
Is 4689257623 composite?
False
Is 82500108121 a composite number?
False
Is 13303298837 composite?
True
Is 57681517471 composite?
True
Is 8411270497 composite?
True
Is 7523383363 prime?
True
Is 13045041157 a prime number?
True
Is 87299731 a prime number?
False
Is 52902163723 composite?
True
Is 7231061059 a composite number?
True
Is 1329968617 prime?
True
Is 398058389 prime?
True
Is 37348313807 prime?
False
Is 692279249 a prime number?
True
Is 1245561731 composite?
False
Is 742036121 a composite number?
True
Is 15319939529 a prime number?
False
Is 49232674 a composite number?
True
Is 3618450283 composite?
True
Is 110564213293 a prime number?
True
Is 2839907363 prime?
False
Is 4287276463 a prime number?
True
Is 453043154 a prime number?
False
Is 1144399439 a prime number?
True
Is 32084956711 a composite number?
False
Is 7652980567 a composite number?
True
Is 981548807 composite?
False
Is 539727863 a prime number?
False
Is 986638971 prime?
False
Is 57751685374 prime?
False
Is 3073279541 composite?
False
Is 37844226259 a prime number?
False
Is 72310414393 a composite number?
True
Is 566572289 composite?
False
Is 3089620619 a composite number?
False
Is 3592917067 prime?
False
Is 13554775307 a prime number?
False
Is 364230079 a prime number?
False
Is 1348695859 a composite number?
True
Is 98118061 a prime number?
True
Is 589881449 prime?
True
Is 18543947 prime?
True
Is 7821425507 prime?
False
Is 5963093249 prime?
True
Is 205813183 a prime number?
False
Is 742750559 a prime number?
False
Is 40434936149 prime?
False
Is 43401415063 a composite number?
False
Is 75159401 a composite number?
True
Is 799090717 prime?
False
Is 439509337 a composite number?
True
Is 30699416753 composite?
True
Is 22125213779 composite?
True
Is 14074638887 composite?
False
Is 173975223521 a composite number?
True
Is 13664647 composite?
False
Is 2119607407 a composite number?
False
Is 409044001 a composite number?
False
Is 25018599523 composite?
True
Is 120274564357 a prime number?
False
Is 28454762807 composite?
False
Is 31721941697 prime?
False
Is 2696729753 composite?
False
Is 14779397863 a prime number?
False
Is 197370643 a composite number?
False
Is 250417091 composite?
False
Is 7615321979 a prime number?
True
Is 3383924945 composite?
True
Is 6017386883 a prime number?
True
Is 3661696239 composite?
True
Is 9194959049 prime?
True
Is 7375394093 a prime number?
False
Is 1328947901 prime?
True
Is 27419507 composite?
False
Is 876232919 composite?
False
Is 1306094359 a prime number?
True
Is 3822425141 composite?
False
Is 149967713 a composite number?
True
Is 326184907 prime?
False
Is 75005651111 a composite number?
False
Is 4597331503 a prime number?
False
Is 420718169 composite?
False
Is 421649309 prime?
True
Is 3441033377 composite?
True
Is 5706961991 composite?
False
Is 5553865211 composite?
False
Is 675100843 composite?
False
Is 4396595899 composite?
False
Is 2616299471 composite?
True
Is 3886656481 a composite number?
False
Is 3091676099 a composite number?
False
Is 13494738637 a composite number?
False
Is 1057558597 prime?
True
Is 955497485 prime?
False
Is 1155355607 a prime number?
False
Is 404421449 composite?
True
Is 23864269987 prime?
False
Is 259693305682 composite?
True
Is 10130440429 a composite number?
True
Is 109055407 a composite number?
False
Is 343790089 composite?
True
Is 40955086153 prime?
True
Is 2287054993 a composite number?
True
Is 6927922219 prime?
True
Is 1901179279 composite?
False
Is 5128228829 composite?
True
Is 4759615481 composite?
False
Is 14973354161 composite?
False
Is 7737137 prime?
True
Is 6968154439 a prime number?
True
Is 15511649123 composite?
True
Is 858021121 composite?
False
Is 1304921347 composite?
True
Is 12460669987 composite?
False
Is 18285232943 composite?
False
Is 453315199 a prime number?
True
Is 1078108487 prime?
True
Is 2844228943 composite?
True
Is 3025470727 prime?
False
Is 4072387163 a prime number?
False
Is 138142770602 a prime number?
False
Is 1460668217 a prime number?
True
Is 27919667833 composite?
False
Is 31474921781 prime?
False
Is 112459873 a prime number?
False
Is 30167061499 composite?
False
Is 8188048567 a composite number?
False
Is 1755491873 prime?
False
Is 16013413403 a prime number?
False
Is 1928735977 composite?
True
Is 4184457793 a composite number?
False
Is 1656044017 composite?
False
Is 7613273269 composite?
True
Is 2622419959 a prime number?
True
Is 556814021 prime?
False
Is 7113758027 composite?
False
Is 5284983391 a prime number?
True
Is 9077912755 a prime number?
False
Is 14185454299 composite?
False
Is 995626483 composite?
True
Is 4164541859 a composite number?
False
Is 6018409399 a prime number?
True
Is 1629723757 composite?
False
Is 43508922029 a composite number?
False
Is 7482550709 a composite number?
True
Is 18468041905 prime?
False
Is 34831817183 prime?
True
Is 463312051 a composite number?
False
Is 132938789 composite?
False
Is 13436495167 composite?
False
Is 61372128061 a prime number?
False
Is 1224042069 a prime number?
False
Is 2421379801 composite?
False
Is 13628189593 composite?
False
Is 381197429 composite?
False
Is 93952865 composite?
True
Is 34315139213 a prime number?
False
Is 175855551619 composite?
True
Is 16005318509 a composite number?
False
Is 724900691 a composite number?
True
Is 6022654223 a prime number?
True
Is 8235861743 composite?
True
Is 218652377 prime?
False
Is 484855177 a prime number?
True
Is 13430413303 composite?
True
Is 1029349241 a prime number?
True
Is 9894597697 composite?
False
Is 6148425263 prime?
True
Is 672932809 composite?
False
Is 77318976947 prime?
True
Is 257853929 a composite number?
True
Is 1069657073 a prime number?
True
Is 39262926721 composite?
True
Is 13924106761 a composite number?
False
Is 1861874747 a prime number?
True
Is 18726339 composite?
True
Is 40659289477 prime?
False
Is 18265117771 composite?
True
Is 146074417631 a composite number?
True
Is 49403163341 prime?
False
Is 43918280617 prime?
False
Is 2574992341 a prime number?
True
Is 17635518941 composite?
False
Is 32801371903 prime?
True
Is 2418357277 a composite number?
True
Is 3367866767 composite?
True
Is 68566031845 prime?
False
Is 17475159543 a prime number?
False
Is 996848477 a prime number?
True
Is 2573340871 a composite number?
False
Is 5072441041 a prime number?
True
Is 4485929611 a prime number?
True
Is 3730403783 prime?
False
Is 6320453819 a composite number?
False
Is 40526839 a prime number?
True
Is 883041641 prime?
False
Is 1155163963 prime?
False
Is 3014038187 prime?
False
Is 8209315787 prime?
True
Is 503295227 prime?
False
Is 4483365727 a composite number?
True
Is 66430616971 composite?
False
Is 8072425799 a composite number?
False
Is 3309458939 a prime number?
True
Is 12139809569 a composite number?
False
Is 35383346561 composite?
False
Is 1819571963 composite?
True
Is 14156817351 composite?
True
Is 117485520899 prime?
False
Is 16295247169 a composite number?
False
Is 1341345989 a prime number?
False
Is 269293281 a prime number?
False
Is 126589937 com